8
Evaluate 171 + (84 - 178) - 73.
4
What is the value of (4 - -1) + -7 + (-68 - -40) + -37?
-67
What is 50 + (43 - (25 + -26 + 22))?
72
1 - 126 - (-18 - 44 - -42)
-105
What is (0 + 2 - -45) + -6 - (19 + -23)?
45
Calculate -33 - 11 - -11 - (-26 - -8).
-15
What is the value of -7 + 58 - (14 + -7 + (21 - (-12 - -25)))?
36
Calculate (108 - 79 - (28 + 2)) + -52 + 1.
-52
-9 - ((0 - -3) + -5 + (17 - 6) + -40)
22
Calculate -21 + -5 + 14 + (-3 - -18) - (2 - 2).
3
6 - (74 + (70 - 113))
-25
What is (40 - 12) + -35 + 30 - -8?
31
What is the value of 83 - ((6 - -7) + (2 - 3) + (0 - 7))?
78
Evaluate -8 + 5 - (31 + (2 - 3)) - (3 + -13).
-23
192 + 39 + -221 + 107
117
Evaluate 3 + -35 + (28 - (-88 - -94)).
-10
Calculate -11 + -41 - -1 - (-27 + 33 + -12).
-45
Evaluate (9 - -26) + (16 - (26 - 8)).
33
Evaluate -5 + (-28 - (-11 - 10) - -17).
5
What is (0 - 3) + 2 + -21 + -10 + 17 + -89?
-104
Evaluate 12 - (-11 + 26 + 9) - 14.
-26
(1 + 0 + (-11 - -14) - (59 + -30)) + 12
-13
What is the value of -26 + (107 - 0 - (698 - 694))?
77
Evaluate (37 - (73 + (46 - 21))) + -18.
-79
31 - (1 + 1 + (-9 + -8 + 23 - -1))
22
What is the value of -1 + -9 - (-935 - -877 - (-1 + -3 + 0))?
44
What is the value of 1 - 8 - (-7 + 1) - (20 + -114 + -8)?
101
Calculate 21 + 1 + 26 + (-87 - -86).
47
What is -58 - (-48 + 22 + -100)?
68
Evaluate (1 - 31) + 2671 + -2692.
-51
What is -40 + 99 - 117 - -18?
-40
8 - (12 + -66 - (10 - 28))
44
What is -2 + 0 + -6 + 52 + -7 + -44 - -49?
42
Calculate -34 + (39 + 54 - 34).
25
6 - (-14 - -4 - 0 - (156 - 177))
-5
Evaluate -63 + 47 + (63 - 32).
15
What is the value of 1 + -10 + (-7 - (12 + -13 + -4))?
-11
Calculate -55 - ((-96 - -4) + -61).
98
Calculate 27 + -24 + (-19 - -24) + -3 + (0 - -3).
8
What is the value of 43 + -134 + 34 + -36 + 21?
-72
Calculate -9 + (8 - (25 + (-8 - -3))) + 22.
1
Calculate 2 + -109 - (-2 - 45 - (-353 + 325)).
-88
Calculate -4 + 7 + -2 + 5 + -3 - (-3 + 6).
0
Evaluate -34 - (9 + (-28 - (-8 - 5))).
-28
What is the value of (-273 - -234 - (-39 - -1)) + 0 + 34?
33
What is the value of (559 - 581) + (36 - (1 + -5))?
18
What is the value of -144 + 67 - -73 - (21 + -2 + 2)?
-25
Evaluate (1 + 19 - 34 - -4) + 31.
21
(12 - 2 - (-204 + 199)) + -41
-26
18 + 19 + -58 + 1 + -12
-32
1 + -41 - ((0 + 18 - (59 + -46)) + -12)
-33
Calculate -24 + -2 + (12 - 4) + (34 - 11).
5
What is the value of 8 - (2 - 98) - (-30 - -50)?
84
-12 + -61 + 1 + (36 - 7)
-43
What is -16 - (-3 + 2) - (365 + -366) - (103 + 4)?
-121
Calculate -1 - 61 - (-9 - ((6 - 36 - -17) + -2)).
-68
Evaluate 64 + (-22 - -15) + (2 + 1 - 2 - 6).
52
What is -6 + -6 + 23 + -3 + -89 - 11 - 5?
-97
Calculate 59 + (38 - (39 - 33) - 49).
42
What is -117 + (86 - (27 + -65))?
7
102 + -6 - (-26 + 34 + (-3 - 16))
107
-7 + (-7 + 16 - -9 - -5) + -11 - 2
3
Calculate 74 + (-3 - (-52 - -30) - (15 + -1)).
79
What is the value of 10 - (9 - 15) - (21 - (-12 + 13))?
-4
What is the value of -11 + -881 + 920 + (1 - 24)?
5
What is 20 + 6 + -39 + 7 - -17?
11
Calculate -11 + 10 + 66 - 20.
45
What is 42 - -17 - (310 + -232)?
-19
What is the value of -8 + -1 + 820 + -791?
20
Evaluate 10 - ((23 - 0 - -3) + -7 - 4).
-5
What is 7 - (-23 + 9 - (12 + -15))?
18
Evaluate (23 - 1) + -28 + 16 - (-23 + (9 - 11)).
35
-128 + (-76 - 15) + 152
-67
Evaluate -10 + -8 - 4 - (107 - 128) - (-69 - 1).
69
-18 - ((30 + -11 - 28) + 9)
-18
Calculate 1 + 50 + -1768 + 1744 + 28.
55
What is (-1 + (-13 - -4) - (-52 - -3)) + (3 - 12)?
30
What is -1 + 1 + -14 + 126 + -128 + -15?
-31
What is the value of 393 - 109 - 85 - 95?
104
What is 56 - ((-29 - -55) + 29)?
1
What is the value of (61 + (10 - (8 + -4 + 2)) - 5) + -5?
55
(-19 - 72) + 20 + 5 + -5 + -18
-89
Calculate (4210 - 4175) + -34 + 1.
2
-110 - -112 - (10 - (6 + 0 + -6))
-8
What is the value of (109 - (15 + -28)) + -30?
92
What is the value of -628 + 715 + -181 + (0 - -11 - -1)?
-82
What is 3 + (-7 - 3) + (-29 - -10) + 68 + 8?
50
What is -3 + 19 - (19 + (2 - 0) - (2661 - 2504))?
152
What is the value of 20 - -4 - (40 - (-25 + 48))?
7
(589 - 590) + 1 + 1 + 1 + 37
39
Evaluate 78 - 13 - -36 - 27.
74
Evaluate -1 + -94 + (480 - 425).
-40
Evaluate (7 - 2) + (2 + 0 + 5 - (130 + -169)).
51
Evaluate -80 + -103 + 216 + -54.
-21
(111 - (169 - 91)) + 84
117
71 + 23 - 41 - 39
14
Evaluate -65 + -6 + 90 - (-4 + 1 - -10).
12
83 - (21 - (-36 - (8 + -59)))
77
Evaluate 5 + -14 + -4 - (-17 - -20 - 69).
53
-45 + 25 + -11 - 35
-66
Calculate (-1 + (5 + -11 - -5) - 2) + (-244 - -271).
23
What is the value of 77 + (82 - 172) - (20 + (4 - 3))?
-34
Calculate (1 - -1 - (51 - 2)) + (8 - (13 + 3)).
-55
11 + 3 + 5 + -39 + 34
14
46 - -5 - 46 - (-1 - 31)
37
1 + 9 - ((-4 - (15 + -57)) + 16)
-44
What is 8 + (-38 - 5 - (417 + -333))?
-119
32 + -61 + 7 + 8 + -15
-29
Evaluate 2 - -3 - (29 - 42 - (-38 + 1)).
-19
What is -32 - ((27 - 88) + 17)?
12
-67 + 12 + -6 + (-19 - 5) + 9 - 6
-82
-11713 - -11738 - (131 + 2)
-108
Calculate -561 + 572 - (-2 + (-26 - -3)).
36
What is -3199 - -3231 - (0 + 22) - (1 + -19)?
28
What is the value of -1 + -43 - (-67 - -82) - (3 + 8)?
-70
What is the value of 183 + -73 - (-7 + 7 + (3 - 9))?
116
4 + -1 + 2 + (-2 - -6) - (-35 - -54)
-10
Calculate -1 - (-103 + 9 + 97 + 0 + 0).
-4
Calculate -9 - (-7 - (1 + 3 + -12 + -15)).
-25
What is the value of 17 + (-38 - (-9 + -18)) + (5 - (5 - 8))?
14
What is the value of (-15 + -3 + 44 - 61) + 6?
-29
What is (31 - 30) + (2 - (-3 - 0)) - (-24 - -40)?
-10
Calculate -27 + -2 + 3 - (-11 + -2) - -12.
-1
39 + (-7 + -23 - (-58 - 18))
85
What is the value of (7 - 1) + 184 + -210 + 40 + -110?
-90
Evaluate -12 + -1 + -125 + 132 + 49.
43
What is 23 + 1 - (-214 + (463 - 226))?
1
What is the value of 126 + -87 + (-1 - -4 - (-9 - -7))?
44
Calculate -5 + 27 + (-8 - (-17 - -14)).
17
-75 + 105 + -43 + 48
35
Calculate -11 - (1 - 7) - -12 - (-9 - (-72 + -32)).
-88
(-113 - -1) + (-3155 - -3247)
-20
Calculate 6 - ((30 - 47 - -24) + -21).
20
What is the value of 471 - 580 - (-5 + -81)?
-23
What is the value of -2 - 12 - (-22 + (-20 - -26))?
2
What is (-30 - (-54 + 84)) + (-6 - -25)?
-41
-125 - -141 - (-38 + 3)
51
What is (-12 - -18) + -16 - (3 - -8)?
-21
-50 + 18 - (-75 + 28)
15
What is the value of 182 - (282 + -98 - 54)?
52
Evaluate -109 + (19 - 8) - -58.
-40
What is the value of -25 + -5 + -35 + (12 - -35)?
-18
What is -172 + 133 + -55 - -146?
52
What is -21 + 15 + (-20 - 15 - (-16 - -6))?
-31
-72 + 99 + 6 - 13
20
25 + (20 - 3) + (-1 - 8) + -5
28
Evaluate (-55 + 40 - (-1 + -95)) + 10 + 3 + 0.
94
Evaluate (-18 - (9 + (-2 - 19)) - (7 - 15)) + 100.
102
5 - 0 - (104 + -80) - 10
-29
Evaluate 16 + (-31 - 0) + 437 + -499.
-77
What is the value of -84 - 13 - (-24 - 20)?
-53
What is 13 + (-1 + -42 + 49 - (-3 + 0))?
22
Calculate 5 - ((-69 - -161) + -48).
-39
What is -4 - ((77 + -29 - 18) + -26)?
-8
Calculate 13 + (-57 + (39 - -22) - (10 + -1)).
8
What is -15 - (-18 - ((-5 - -4) + 1 + -21))?
-18
-12 + 1 + (-2 - 4) - (7 - -2)
-26
Calculate 8 + -15 - 25 - 13.
-45
Calculate 3 - ((37 - -7) + (-10 - (-7 - -3) - -6)).
-41
Calculate (-8 + -6 + 21 - 2 - 1) + -30 + -7.
-33
What is -10 + 5 + -4 - (16 + -24) - -21?
20
Evaluate -23 - (-4 + -16 - -16) - (0 + -9).
-10
What is the value of (-1 - 4) + 22 - (-10 + 7 + 14)?
6
What is 27 - (7 + 13) - (-2 - (-86 + (-3 - -9)))?
-71
Calculate (-8 - -20) + -1 + -2 + 3 + -82.
-70
Calculate 6 + -75 - (-46 + 43 + -17).
-49
11 + -1 - (-72 - -96 - 57)
43
Evaluate (25 - -2) + (-1527 - -1436).
-64
(1 - 1 - 3) + 59 + -125 + 103
34
What is the value of -88 - 53 - -189 - 25?
23
Calculate -1 + 0 + -3 + 54 + -52 + -138 + 183.
43
Evaluate -2 - -110 - ((10 - 27 - -17) + 7 + 5).
96
What is the value of 18 - 157 - (-169 + 104)?
-74
Evaluate -2 - 0 - (-26 + (-3 - -27 - 14)).
14
-33 + (77 - 27) + (0 - 7) - (8 + 84)
-82
Evaluate 8 - 5 - -9 - (2901 + -2974).
85
What is the value of (-2 - 6) + 25 - (2 - -34)?
-19
Evaluate 65 - (2 + 14 + 20).
29
Evaluate 15 + -5 + (156 - 149 - (6 + 1 + 1)).
9
Calculate -784 + 770 + (-102 - -1).
-115
What is (1 + 23 + 13 - 14 - -4) + -10 + -1?
16
Evaluate (68 - 81) + -8 - (2 - 0).
-23
Calculate -7 + -1 + -108 + 26 - (3 - 6 - -8).
-95
Calculate -92 + (-53 - -13 - -51) + -17 + 0.
-98
Evaluate (-413 - -415) + (-1 - (-1 - 1)) + 0 + -5.
-2
73 - (46 - -71 - 110)
66
What is the value of -4 - (106 + (23 - 187))?
54
What is 468 + -437 - (-16 + -6)?
53
Calculat